et t(h) = h**2 - 1. What is t(o)?
0
Let s = 81 - 60. Let b be (-4)/(-6)*s/(-28)*-6. Let t(x) = 3*x - 1. What is t(b)?
8
Let l(a) = 7*a**3 - a**2 + a + 1. Suppose -5*s + 57 = -p, -3*s = -0*p + 3*p + 153. Let t = p + 61. Suppose -7*d = -t*d - 2. What is l(d)?
-8
Let i(s) = -181*s - 203*s + 580*s - 197*s + 7. Suppose 5*d - 8 = -3*l, -2*d + d = 2*l - 17. Suppose 0 = 6*j - 5*j - l. Calculate i(j).
-4
Let k(x) = -9*x - 121. Let c(l) = -l - 19. Let a(v) = 4*c(v) - k(v). What is a(-9)?
0
Let w(g) = 3*g**2 - g + 2. Suppose n = -3*i + 685, -2*i - 5*n + 173 = -262. Let b = i - 233. Calculate w(b).
32
Let t(s) = -2*s**3 - 83*s**2 - 40*s + 43. Suppose -2*r + 4*m = 102, 14*m = 14*r + 12*m + 584. Determine t(r).
2
Let f(z) be the first derivative of 3*z**2/2 - 6*z + 82. Let i = 5 + -2. Suppose -i*l = -4*l + 5. Determine f(l).
9
Let s be (-13 + (-17 - -26))/((-12)/(-21)). Let m(c) be the third derivative of -c**5/60 - c**4/4 + c**3 - 6*c**2. Calculate m(s).
-1
Let w(v) = v**2 + 5*v - 93. Let h be -4 + 0 + -5 + (22 - 26). Calculate w(h).
11
Let u(f) = 16*f**3 - 4*f**2 - 4*f - 10. Let c(a) = -27*a**3 + 5*a**2 + 8*a + 20. Let l(d) = -3*c(d) - 5*u(d). Calculate l(3).
50
Let l be (2 - -2)/2 - 265/(-1). Let d(y) = l + 8*y - 7*y - 265. Let i = 49 - 52. Determine d(i).
-1
Let b(k) be the third derivative of 19*k**4/6 - k**3/6 - 857*k**2 + k. Calculate b(1).
75
Suppose -r - 4*l + 499 = -0*r, 2*r = -l + 998. Let c(h) = 12*h + r - 5*h - 506. Calculate c(3).
14
Let b be (0 - 8)/(-2) + -5 - -451. Let n = 451 - b. Let q(i) = -30*i + 1. Calculate q(n).
-29
Let c(w) = w**3 - 9*w**2 - 3*w - 71. Let g(m) = -50*m + 1710. Let z be g(34). Give c(z).
-1
Let y(f) = -8*f - 6. Let n(x) = -69*x - 52. Let p(h) = 2*n(h) - 17*y(h). What is p(3)?
-8
Let k(u) be the third derivative of -u**5/15 - 19*u**4/8 + 43*u**3/6 - 1349*u**2. Determine k(-15).
-2
Let p(u) = u**3 - u**2 - 21*u. Suppose 3 = z + 7. Let q be p(z). Let c(h) = -10*h + 3. What is c(q)?
-37
Let t(k) = k**3 + 5*k**2 + 3*k + 6. Let w(l) be the first derivative of -9*l**2 - 4*l - 7/3*l**3 - 7 + 1/4*l**4. Let p be w(9). Calculate t(p).
10
Let p(w) = -43*w**2 - 4*w - 2. Let o be p(-2). Let h = -76 - o. Let b(y) = 9*y + y**3 + 7*y**2 + 49 + 46 - h. Calculate b(-6).
-13
Let r(j) = 25*j**2 - 2*j - 1. Suppose -5*o - 4*f + 320 = 0, -3*f + 79 = 5*o - 241. Suppose 3 = -67*g + o*g. Calculate r(g).
26
Let s(b) = -6*b. Let x(h) be the second derivative of -h**5/20 - 2*h**4/3 + 24*h**2 + 137*h. Let r be x(-7). Give s(r).
6
Let f(y) = 6*y + 2. Suppose 13*m - 11*m = 12. Let z(o) = -15 - m - 3*o + 20. Let l(p) = 4*f(p) + 7*z(p). Determine l(-1).
-2
Let o be 3 - (1 + 0)*1. Let d(l) = -726 - 9*l + 729 - o*l**2 + 3*l**2. Give d(7).
-11
Let i(s) be the third derivative of -1/3*s**3 - 1/6*s**4 + 1/120*s**6 + 175*s**2 + 0 - 1/30*s**5 + 0*s. Give i(-3).
-35
Let c(m) = m**3 - 9*m**2 + 7*m + 4. Suppose 7*v + 1183 = 217. Let j = v + 146. Calculate c(j).
-4
Let a(w) = w**2 - 8*w - 49. Let v be 24/(-2)*(-1 + (-7)/(-21) - -1). Give a(v).
-1
Let w be (-48 + 62)*1/2. Let u(h) = -2*h - 29. Determine u(w).
-43
Let s(h) = -h**3 + 3*h**2 + 6*h + 1. Let t be 4/3*(1 + -4). Let c be (15/18)/(t/(-24)). What is s(c)?
-19
Let h = 6470 - 6476. Let i(o) = o**3 + 8*o**2 + 9*o - 7. Calculate i(h).
11
Let u(d) = 12*d + 4. Let o(c) = -11*c - 3. Let b(n) = 5*o(n) + 4*u(n). Let j(g) be the first derivative of 19*g**2/2 - 58*g + 48. Let y be j(3). What is b(y)?
8
Let t(q) = -2*q + 5. Let y(j) be the second derivative of -j**2/2 - 3*j. Let x(d) = t(d) - 2*y(d). Give x(0).
7
Let t(n) = -n - 3. Let h be t(-5). Let u = h - -6. Let v(s) = 42*s + 2 - 10*s - 31*s. Calculate v(u).
10
Let b(c) be the first derivative of -c**3/3 - 1382. Let k be (20/2 - 3) + 3. Let d be k/(-25)*(10 - 0). What is b(d)?
-16
Let t(b) = -9*b**3 + 11*b**2 + 12*b + 8. Let n(c) = -4*c**3 + 4*c**2 + 6*c + 4. Let g(z) = 11*n(z) - 5*t(z). Calculate g(10).
-36
Let y(f) = 11*f**2 - 3*f + 65. Let i(k) = 13*k**2 - 3*k + 66. Let p(g) = -5*i(g) + 6*y(g). Let d(z) be the first derivative of p(z). Give d(6).
9
Let n(a) = 2*a**3 + 12*a**2 - 20*a + 12. Suppose -99*s + 1141 = -262*s. Calculate n(s).
54
Let a(v) = 4*v + 39. Let x = 3093 - 3101. Calculate a(x).
7
Suppose 0 = 44*j - 52*j + 16. Suppose -j*w + 266 = 17*w. Let o(x) = x - 13. Determine o(w).
1
Let d(p) = -p**3 - 4*p**2 - 4*p - 3. Suppose 4*w = 67 + 85. Suppose 12*v = -9*v - 861. Let s = w + v. Determine d(s).
0
Let h(f) = 2943*f + 2. Let s(v) = 19865*v + 16. Let p(r) = -27*h(r) + 4*s(r). Let k be 1 + (1/(-1) - -2). Let q = 2 - k. What is p(q)?
10
Let h(y) = -2*y + 1. Let v(o) = -44*o + 72. Let s(a) = 8*a - 13. Let m(l) = 28*s(l) + 5*v(l). Let j(n) = -6*h(n) - 2*m(n). Calculate j(-2).
-6
Let k(r) = -4*r - 9. Suppose -8*b + 7*b + 15 = 0. Suppose b = -5*t - 5. Let l be (-4)/(-8)*t - 5. Give k(l).
19
Let p(z) = z**3 - 4*z**2 - 3*z - 4. Let i(y) = -4 + 2*y - 6*y - 2*y + 5*y. Let k be i(-7). Suppose -5*r - 4 + 14 = k*n, -3*r = -2*n - 25. Calculate p(r).
6
Let f be (-3)/(-2 - -5) + -5 + 1032/129. Let q(j) be the second derivative of 0*j**f + 0 - 41*j + 1/6*j**3 + 1/12*j**4. What is q(1)?
2
Let q(i) be the third derivative of -i**4/24 - 11*i**2. Let k(u) = -6*u**3 + 3*u**2 - 2*u. Let z be k(1). Let m = -13 - z. Give q(m).
8
Let d(m) = 52*m - 138. Let u(k) = -26*k + 76. Let b(h) = 3*d(h) + 5*u(h). What is b(2)?
18
Let i(q) be the second derivative of 1/3*q**3 - 4*q - 1/2*q**2 + 0. Calculate i(3).
5
Let p(v) be the first derivative of v**3/3 - 19*v**2/2 + 83*v + 1470. Determine p(7).
-1
Let y(w) = -w**2 - 8*w - 5. Let b be y(-10). Let h be b/(-10) - ((-6)/(-4))/3. Let i(o) = -2*o + 2*o + 199*o**2 - 198*o**h + 6*o - 4. Calculate i(-4).
-12
Suppose 3 = 3*i - 15. Let m(q) = q - 7 + i + 0. Determine m(7).
6
Suppose 3*w + 63*a - 68*a + 39 = 0, -w - 29 = a. Let i(f) = -f**3 - 23*f**2 + 7*f + 153. Give i(w).
-8
Let u(k) be the third derivative of 1/3*k**3 + 0 - 1/60*k**5 + 10*k - 1/24*k**4 + 5*k**2. Calculate u(-3).
-4
Let g(x) = x**3 + 9*x**2 + 11*x + 16. Let z be (-12 - 6) + 9 + 0. Give g(z).
-83
Let l(j) = 3*j + 13. Let h be l(-8). Let g(t) be the second derivative of 1/6*t**3 + 27*t + 13/2*t**2 + 2. Calculate g(h).
2
Let q(z) = z**2 - 9*z + 1. Suppose 30 = p + 22. Let n be q(p). Let g(y) = -y - 8. Give g(n).
-1
Let k = 4128 + -4124. Let p(y) = -4*y + 19. Calculate p(k).
3
Let p(g) be the first derivative of 12*g**2 - 134*g - 3321. Determine p(6).
10
Let j(x) = x + 1. Let k be j(0). Let i be (0 + -2 + -1)*k. Let l(b) be the first derivative of b**3/3 + 2*b**2 + 4*b + 4898. Give l(i).
1
Let c be ((-376)/(-1316))/(2/35). Let b(j) = j**3 - 6*j**2 + 2*j + 6. What is b(c)?
-9
Let n(c) be the third derivative of -7*c**6/120 - c**5/60 + c**4/6 - 5*c**3/6 - 3883*c**2. Give n(2).
-57
Let h(z) = -1542*z + 6203. Let d be h(4). Let k(g) = -g**3 + 36*g**2 - 38*g + 124. Give k(d).
19
Let k(r) = 9*r**3 - 9*r**2 + 43*r + 66. Let q(d) = -d**3 + d**2 - 3*d - 3. Let v(a) = -k(a) - 10*q(a). What is v(5)?
-1
Let i(z) = z**2 + 9*z + 9. Let d = 2981 - 2989. Calculate i(d).
1
Let b be (-15)/((5/(-30)*6)/(-2 - -3)). Let q(u) = u**3 - 16*u**2 + 15*u + 10. Determine q(b).
10
Let v(d) = 57*d + 396. Suppose -5*k - 582 = i - 555, i + 11 = -k. What is v(i)?
-3
Let w be -1*1*(0 + 1). Let z(n) = 4*n - 32*n + 18*n + 12*n - 1. What is z(w)?
-3
Let w(m) be the first derivative of -2*m**3/3 + 2*m**2 + 4*m - 1. Let r be (5 + -4)/(1/1)*(-138)/46. Calculate w(r).
-26
Let k(r) = -r**3 - r**2 + 2*r - 1. Let v(f) = -50 - 4*f**3 - 17*f + 43 - f**2 + 8*f**3. Let u(w) = 5*k(w) + v(w). What is u(-5)?
-2
Let q(n) = -4*n**3 - 10*n**2 + 14*n + 34. Let m be q(-6). Let i = -469 + m. Let k(c) = c**2 + 16*c + 13. Determine k(i).
-2
Let h(n) = 118*n**2 + 7*n - 10. Let b(x) = 416*x**2 + 21*x - 30. Let q(s) = -2*b(s) + 7*h(s). Determine q(4).
-78
Let l(c) = -c - 2. Let y(n) be the second derivative of -n**3/6 - 3*n**2/2 + 15*n. Suppose 0 = -r - 1 - 5. Let k(x) = r*l(x) + 5*y(x). Give k(0).
-3
Let s(x) = -4*x - 5860 + 2940 + 2958. Give s(9).
2
Let p(c) = c - 6*c - 2*c**2 - 15 - 29 + 59 + 2*c. What is p(0)?
15
Suppose r - 16 = -0*r. Suppose 4 - r = 3*z. Let s(p) = -1813*p - 1808*p - 4 - 1818*p + 5444*p + 6*p**2 + p**3 + 0. Give s(z).
8
Let a be ((-16)/(-10))/((-44)/(-275)). Suppose 0 = -3*w + 4*i + a, 8*w = 7*w - 5*i - 22. Let q(k)